3 - 652. What is the tens digit of c?
7
Let c = -52 - -269. What is the units digit of c?
7
Let t(q) = 18 + q - 2*q**2 - 10*q**3 - 18. Let w = -32 - -30. What is the tens digit of t(w)?
7
Let x = 6 - 0. What is the units digit of 2/(4*1/x)?
3
Let x(h) = -h + 2. Let r be x(-4). Suppose -3*g + g = -r. Suppose -g*z = -3*m + 57, -57 = -3*m + z - 4*z. What is the units digit of m?
9
Let m = -60 + 190. Suppose -137 = -3*z + m. What is the tens digit of z?
8
Suppose -3*c - 3*i = -915, -13*c - 5*i = -14*c + 317. What is the units digit of c?
7
Let i(f) = 33*f**2 - f - 1. Let j be i(-3). Let u = j + -164. What is the hundreds digit of u?
1
Suppose 46*o = 10577 + 42001. What is the hundreds digit of o?
1
What is the hundreds digit of ((-484)/(-6))/(3*(-10)/(-45))?
1
Let g(h) = -h + 8. Let d be g(5). Suppose 3*w = -d*z, 2*z - w + 12 = -6*w. Suppose z*i - 116 = y, -i + 29 = -y + 5*y. What is the units digit of i?
9
Suppose -11*j = -14*j. Suppose j = -r + 76 + 57. What is the hundreds digit of r?
1
What is the hundreds digit of (-1404)/24*(-64)/6?
6
Let f(k) = -2*k**3 + 9*k**2 + 2*k + 5. Let z be f(6). Let b = -173 - -109. Let t = b - z. What is the tens digit of t?
2
Suppose 17*c + 18*c - 42000 = 0. What is the units digit of c?
0
Let t = -51 + 55. Suppose -3*b = t*w - 445, 3 = 2*b - b. What is the hundreds digit of w?
1
Let f = 1320 + -680. What is the tens digit of f?
4
Let u = 245 + -113. What is the units digit of u?
2
Suppose -a = -0 - 3. Suppose 8*z - 20 = y + 4*z, -5*y - 15 = -a*z. Suppose y = -3*h + 8*h - 280. What is the units digit of h?
6
Suppose -9*d + 1260 = 3*d. Suppose 0 = 30*j - 23*j - d. What is the units digit of j?
5
Let l(q) = -6 + 16*q**2 - 9*q**2 + q**3 - 6*q - 3*q. Let n be 8/(0 - (-1 - -2)). What is the units digit of l(n)?
2
Let w = -16 + 13. What is the units digit of 74 + 3*((-1)/w)/(-1)?
3
Suppose -8 = -a + 3*v, 0 = 3*v - 10 - 2. Let f = 66 + a. Suppose -5*c + f = 21. What is the tens digit of c?
1
Let z(v) = v**2 + 6*v + 12. Let p be z(-7). Let j = p - 3. What is the units digit of j?
6
Let c(y) = 41*y**2 + 52*y - 19. What is the thousands digit of c(-7)?
1
Let h = 198 - -309. What is the tens digit of h?
0
Let m(x) = -9*x - 90. Let w be m(-7). Let l be (8/10)/(2/155). Let j = w + l. What is the units digit of j?
5
Suppose 6 = 5*k - 2*q - 6, q - 12 = -2*k. Suppose -k*i + 85 = -15. Let f = 61 - i. What is the units digit of f?
6
Suppose 0 = -3*m + w - 1, w - 4*w - 5 = -m. What is the tens digit of (-15)/(-3*m/(-9))?
4
Suppose -73*z = 7*z - 61760. What is the tens digit of z?
7
Suppose -i = -4*s + 2859, -10*i + 3579 = 5*s - 13*i. What is the units digit of s?
4
Let a = 41 + -36. Suppose -1050 = -a*i - 2*g, 2*i - g = -2*g + 421. What is the tens digit of i?
0
What is the hundreds digit of 6/51 - (-278388)/323?
8
Let y(b) = 467*b - 3. What is the units digit of y(2)?
1
Let m = -72 + 196. Suppose 2*c - 6*c = 0. Suppose c*x - 4*x + m = -2*k, x - 25 = -k. What is the tens digit of x?
2
Let m(o) be the first derivative of o**4/4 - 4*o**3 + 6*o**2 - 5*o + 672. Let z(t) = t**2 + 5*t + 5. Let v be z(-6). What is the units digit of m(v)?
6
Let x = -27 - -30. What is the units digit of (-128)/6*x/(-1)?
4
Suppose 2*p = 4*p. Suppose 39 = 10*k - 1. What is the tens digit of p + 26/(k + -3)?
2
Let f = -16 + 17. What is the units digit of (-74)/(f - -1 - 4)?
7
Let u = 2403 - 1501. What is the units digit of u?
2
Let y = 544 - 381. What is the hundreds digit of y?
1
Let l = 20 + -18. What is the tens digit of (3 + 17/(-5))*l*-345?
7
Let l(w) = w + 11. Let k be l(3). Let p = 97 + k. What is the hundreds digit of p?
1
What is the units digit of ((-8)/(-12))/((-1326)/(-441) + -3)?
8
Suppose 4*d + 16 = 0, 4445 = 5*f - 26*d + 21*d. What is the units digit of f?
5
Let y(r) = r + 8. Suppose -t + 11 = 3*q, 2*t - 20 = -t + 4*q. What is the tens digit of y(t)?
1
Let c(b) = -b**3 - 3*b**2 + 6*b + 5. Let s be c(-4). What is the tens digit of s/2*236/(-6)?
5
Let g = -102 + 515. What is the tens digit of g?
1
Let h(i) = 21*i + 122. What is the hundreds digit of h(12)?
3
Let h = -75 + 292. What is the hundreds digit of h?
2
Let p(m) be the third derivative of m**6/120 - 7*m**5/60 + 3*m**4/8 - 7*m**3/6 + 7*m**2. What is the units digit of p(6)?
1
What is the tens digit of ((-112)/(-21) + -5)*1071/1?
5
Let h = -880 - -2158. What is the thousands digit of h?
1
Let u(n) = -n**3 - 6*n**2 - 5*n - 16. Let r be u(-7). Suppose -v + 23 = -r. What is the tens digit of v?
9
Suppose 5*c - r = 4 + 10, -2*r = -2. Suppose -c*z = -4*g + 13 + 110, -2*g = 0. Let a = z + 64. What is the units digit of a?
3
Let v be 7/9 + 26/117. Let u be 1/2*(-7 + v). What is the units digit of 141*(-3)/27*u?
7
Suppose 912 = -13*u + 17*u. Suppose 0 = 2*s + 5*r - u, 0*r + 116 = s + 2*r. What is the hundreds digit of s?
1
Let w = 6432 + -3110. What is the tens digit of w?
2
Suppose -s - 57 = -4*k, -k + 8*s + 6 = 5*s. Suppose 2*a = k - 7. Suppose -38 = -a*w + 2. What is the tens digit of w?
1
Let d(z) = 3*z**2 + 18*z + 4. Let k be d(-12). Suppose -10 = 5*j - k. What is the tens digit of j?
4
Let x = 14 + -16. Let p be (-3)/(-6)*x + -325. What is the units digit of 2/11 - p/22?
5
Suppose 4*q + 4*b + 4 = -4, 6 = -3*q + 4*b. Let n(g) = -43*g + 6. What is the tens digit of n(q)?
9
Suppose -4*w = -9*w + 100. Let z = 73 - w. What is the units digit of z?
3
Suppose 5*o = -30 + 105. Let u = o + -11. Suppose u*w = w + 72. What is the tens digit of w?
2
Let c = 96 - 49. Let f = 141 - c. What is the tens digit of f?
9
Suppose 4*j - 5*s = 50, -s = 3*s - 8. Let v = j - 11. Let h(y) = y**3 - y**2 - 4*y - 4. What is the units digit of h(v)?
8
Let o(y) = -y**3 - 18*y**2 - 6*y - 25. Let x be o(-18). Suppose 2*b - x + 17 = 0. What is the units digit of b?
3
Let h = 267 - -15. What is the hundreds digit of h?
2
Let p(j) = -20*j**3 + j**2. Let o be p(-1). Suppose -h + 3*i + 50 = 0, h + i - 15 - 23 = 0. Let c = h - o. What is the tens digit of c?
2
Suppose 27*d = 12*d + 15765. What is the tens digit of d?
5
Let s = 1575 - 682. What is the units digit of s?
3
Suppose -2*d + p = -4*d + 2386, 0 = 3*d - 4*p - 3568. What is the tens digit of d?
9
What is the units digit of (109/2)/(19/38)?
9
Suppose 0 = -5*o - 5 + 25. Suppose -2*r + 9 = -3*m, 7 = o*r - 4*m - 9. What is the tens digit of r*(276/(-9))/(-4)?
2
Let d(i) = -11*i + 16. Let m(n) = 10*n - 16. Let s(h) = -7*d(h) - 6*m(h). What is the units digit of s(7)?
3
Let b be 34*9/6 + 0. Let y be 2/2*(-2 + 4). Suppose b = v + y. What is the units digit of v?
9
Let a(z) = z**3 - 13*z**2 + 15*z - 4. Let y be a(12). Suppose 2*k - 5*r = 82, 7*k - 2*r + y = 8*k. What is the units digit of k?
6
Let b be 85/(-2)*(-12)/(-2 - -4). Suppose -7*f + 12*f - b = 0. What is the units digit of f?
1
Let m be (270/4 - 1)*-2 + 2. What is the units digit of (m/3)/(5/(-15))?
1
What is the units digit of 3315/24 - -2 - (-4)/(-32)?
0
Let u = -1677 + 2907. What is the hundreds digit of u?
2
Let m be (-1)/(2/(-30) - 0). Let u = 18 + m. Let i = 82 - u. What is the tens digit of i?
4
Let x = 1535 + -616. What is the hundreds digit of x?
9
What is the units digit of -603*(8/(-24))/(1/3)?
3
Let g(o) = 6 - 17*o + 53*o - 23*o. Let r be g(5). Let w = -33 + r. What is the tens digit of w?
3
Let n be 68 + (0 - -1) + 3. Suppose -4*c = -3*c - n. What is the tens digit of c?
7
Let a(h) = -12*h**2 - 8*h - 5. Let g(p) = 61*p**2 + 40*p + 24. Let v(b) = -11*a(b) - 2*g(b). What is the tens digit of v(-2)?
3
Let w(f) be the third derivative of 11/30*f**5 + 6*f**2 + 0 + 0*f - 1/12*f**4 + 1/6*f**3. What is the units digit of w(1)?
1
What is the units digit of (763/(-3) + 5)*(-3)/2?
4
Let y(p) be the first derivative of 2*p**3 + 9*p**2 + 15*p - 28. What is the tens digit of y(-6)?
2
Let q(m) = -m**3 - 17*m**2 - 26*m + 10. What is the hundreds digit of q(-18)?
8
Suppose -5*y = -y + 4. Let d(u) = 3*u**2 + 13 + 29 - 43. What is the units digit of d(y)?
2
Suppose 2*x - 984 - 276 = 0. Suppose -3*r - 2*r = -x. What is the hundreds digit of r?
1
Suppose -5*h + 19 = -1. Let s be 0 + (-3 + h)*-14. Let l(t) = -t - 12. What is the units digit of l(s)?
2
Suppose 0 = -8*o + 9*o - 5. Let h be 158/2 + 2 - 2. Suppose -o*u + 11 + h = 0. What is the units digit of u?
8
Suppose -5*v - 97 = 3*l + 288, l = 5*v + 405. Let y be (-4 - -5)/((-